?
-5
Evaluate -3 - ((9 - -4) + -6).
-10
Evaluate 4 - (-7 + 9) - 3.
-1
(-5 - -4 - (0 - 1)) + -5
-5
Calculate -3 + (4 - 0) - 2.
-1
What is 6 - 6 - (1 + -4)?
3
What is 2 - ((9 - 13) + -2)?
8
7 + 1 - (-3 - -3)
8
4 + 6 + (0 - 4) + -2
4
Evaluate (0 - -4) + -4 + 0.
0
What is the value of -3 + (-5 - (-1 - (-3 - -8)))?
-2
0 - (-1 - (-4 + 4 + -2))
-1
2 - -2 - (-6 - -5)
5
Evaluate 1 + (5 - (11 + -6) - 1).
0
What is the value of 5 - (-3 + 8) - (-3 - -1)?
2
0 + -2 - (2 - 2) - 2
-4
-4 + 0 - (-240 - -233)
3
What is the value of (119 - 123) + (4 - 0)?
0
Evaluate 3 - ((0 - -1) + -1).
3
125 + -130 + (1 - 3) + -1
-8
(0 - 1 - 1 - -6) + -4
0
What is the value of 6 - (2 - 4 - -3)?
5
What is the value of -1 + 3 + 1 - 2?
1
What is -170 - -167 - (-12 - (-1 - -2))?
10
Calculate 1 + 2 - (3 - 2).
2
What is -2 - (-4 + 1 + 1 + -4)?
4
(21 + -7 - 12) + -5
-3
What is 1 + 6 + 1 + (5 - 9)?
4
What is the value of 2 - (-1 + 2 + 2 - -4)?
-5
20 + -5 + -11 - 6
-2
(0 - -4) + 0 + 1
5
Evaluate 9 + (-7 - -7 - (1 + 3)).
5
Evaluate -2 - -7 - 0 - (74 - 69).
0
What is the value of 0 + (-1 - -1) + 0 + 1?
1
What is the value of (-7 - -10) + -3 + -3?
-3
Calculate (3 + -2 - (11 + -10)) + -3.
-3
What is 1 + 3 - (-2 + 6 + -1)?
1
Calculate -5 + 0 + -18 + 16 + 2.
-5
Calculate 9 + 3 + -10 + (4 - 0).
6
What is -3 - (4 + -1 + -6 - 4)?
4
-4 + 1 + -2 + 4 + -1
-2
What is (-7 - (-3 + -4)) + 1?
1
Calculate 13 + (8 - (-3 + 23)).
1
Calculate -2 + (-2 - (-4 - -1)).
-1
Calculate (-1 - (-2 - 1)) + 12 + -11.
3
Evaluate (3 - -2) + 0 + -5.
0
Evaluate (-3 - -4) + 1 + -4.
-2
-5 + -1 + -3 + 12
3
Calculate 0 - -5 - (31 + -21).
-5
(-6 - -2) + (4 - 2)
-2
Evaluate -25 + 24 - (-2 - 7).
8
Calculate -5 + -12 + 14 + -4.
-7
What is 0 + -2 - (-2 - (-5 + 0))?
-5
What is -10 - (-10 + 9 - 9)?
0
What is -9 + -1 + 32 + -28?
-6
What is -8 + (22 - 11) + 1?
4
What is the value of (2 - 0) + (3 - 1 - 3)?
1
Calculate -5 + 8 + 0 + -2 + 1.
2
Calculate 0 + (-3 - -1) - (2 + -6).
2
-5 - (-4 - ((-1 - 3) + 0))
-5
What is (2 + 6 - 7) + -1?
0
Evaluate -9 + (-2 - 3 - (1 - 11)).
-4
What is the value of (1 - -6 - 7) + (-1 - -4)?
3
-3 + (6 - (9 + -4))
-2
1 - (-2 + -5 + -1 + 4)
5
What is the value of 6 + 1 - (35 - 32)?
4
What is the value of -17 + (18 - -7) - (2 + 2)?
4
122 + -122 - (-1 - 6)
7
Evaluate -5 - (1 + 1 - 5).
-2
Evaluate 1 + (3 - 1 - (4 + -5)).
4
Calculate -3 + -3 + 10 + 0.
4
(-8 - -9) + (-7 - -1)
-5
Calculate (2 - 2) + -5 + (0 - -1).
-4
What is the value of -5 + 6 + (2 - -1 - 5)?
-1
-7 - (-12 + -5 - (5 + -7))
8
Evaluate 3 + 0 + (-1 - -1).
3
Evaluate 9 + -2 + -1 - (-1 + 1).
6
Evaluate 5 - 6 - -3 - -5.
7
What is (2 - 3) + -12 + 17?
4
Calculate (-1 - -5) + -1 + 0 + -4.
-1
Evaluate -7 + 2 - ((-5 - 2) + 7).
-5
What is the value of 9 - (-4 + 0 - (14 - 20))?
7
What is the value of (1 - -5) + -9 - (1 - -1)?
-5
Evaluate 10 - 9 - (0 + 2).
-1
Calculate 0 + (4 - (-2 + 7) - -8).
7
Calculate 2 + -2 - (-1 + 1) - -2.
2
Calculate 2 - -1 - (0 + 3 + 5).
-5
3 - (4 - (1 + (-3 - -6)))
3
Evaluate -2 - (-1 + 7) - (4 + -7).
-5
What is the value of 2 + -8 + 9 + 0?
3
Calculate -10 + (0 + -2 - (18 + -25)).
-5
Calculate 3 + 3 + 1 + -1.
6
Evaluate 0 + 1 - (-13 + 2 - -6).
6
-1 + 1 + 3 + 5 - 4
4
2 + -3 + (-3 - 0) + 3
-1
Calculate (2 - 4) + 2 + 5.
5
Evaluate 3 + (-6 - (3 + -6)).
0
What is the value of (-2 - 1) + 1 + -2?
-4
-8 - (-16 - -9 - 6)
5
Evaluate 5 - (-2 - -4) - (0 - -2).
1
2 - -1 - 1 - (-9 - -14)
-3
Evaluate 3 + (-3 - (-2 + 1)).
1
Evaluate (-9 - (7 + -12)) + 0 + 1.
-3
Evaluate (6 + -9 - 4) + (1 - -2).
-4
Calculate (18 - 21) + (-5 - 1) - -1.
-8
7 + 2 + -7 - 3
-1
Evaluate 3 - (6 + 1 - 1).
-3
What is -5 - -6 - (8 + -1 + -14)?
8
Evaluate (-1 - 5) + (7 - (3 - 1)).
-1
What is the value of 7 - (10 + 1 + -4)?
0
What is the value of (3 - ((3 - -1) + -6)) + -2?
3
What is (14 - -1) + (5 + -3 - 10)?
7
What is 4 + -9 + 13 + -11?
-3
Calculate 3 - (1 - (5 - 5)).
2
Evaluate -7 - (8 + (-19 - -5)).
-1
Calculate 7 + -6 - (-2 - -6).
-3
Calculate -10 - -7 - (-1 + -1 - -1).
-2
Calculate -3 + 2 + -3 + 5 + -1.
0
What is 37 - 23 - (10 + 0)?
4
11 + (13 - 41 - -13)
-4
Evaluate 5 - (-5 - -6 - -4).
0
Evaluate 0 - ((29 - 29) + (-3 - 1)).
4
What is the value of (0 - 0) + 3 - (2 + 0)?
1
Calculate 13 - (-2 + -1 + 9).
7
Evaluate -4 - (3 + -3 + -4).
0
Calculate -4 + -2 + 4 - -4.
2
Evaluate (1 - (-1 - 4)) + -1.
5
-8 - (-5 + (-8 - -5))
0
Evaluate -18 - -3 - (-7 - 0 - -1).
-9
Calculate 3 - 8 - (1 - 2).
-4
Evaluate 196 + -184 + (-6 - -1).
7
Calculate 6 + (-8 - -9) + -5.
2
Evaluate -8 + 5 + 3 + -4.
-4
Calculate (-12 + 5 - 1) + 6.
-2
8 + (-8 - (-20 + 7) - 3)
10
Calculate 55 - 53 - ((4 - 2) + 1).
-1
What is the value of -2 + (2 - 2) + 0 + 2?
0
Calculate -7 + (4 - -6) + -5.
-2
-11 + -1 + 85 + -75
-2
Evaluate 3 - (3 + -4) - (8 + -5).
1
What is the value of -8 - (6 + -5 + -4 + 0)?
-5
What is the value of 0 + (0 - 3) + 1 + 1?
-1
Calculate -9 - 1 - (-16 - -3).
3
Evaluate (0 - 2) + -1 + 0.
-3
What is 3 + (-22 - -7 - -6)?
-6
Calculate -8 - (-15 + (4 - (3 + 1))).
7
Evaluate -13 - (10 - 20) - (-2 + -1).
0
What is -10 - -5 - (0 + -2 + -2)?
-1
Calculate 3 - ((-4 - -7) + 3).
-3
What is the value of -1 + 0 - (-1 - 2)?
2
What is the value of (-5 - -6) + (-6 - 0)?
-5
Evaluate 8 - (7 - (14 - 8)).
7
Evaluate -3 - (9 + 1 + 5 + -12).
-6
What is 9 - (1 - (-8 - (-1 - 4)))?
5
What is the value of -2 + 0 - (4 + -1 + -12)?
7
Evaluate -1 - -10 - 5 - (5 - -1).
-2
-10 - -5 - 0 - -10
5
Evaluate -65 + 64 + (7 - (-1 - 1)).
8
What is the value of 64 + -44 + (-8 - 3)?
9
Evaluate 15 - 4 - (-2 + 6 + 1).
6
Calculate 14 - (15 - (-14 - -9)).
-6
9 + -25 + 7 - -5
-4
What is the value of -3 + 4 + -2 + -1 + 2?
0
3 + 0 + -1 + -2
0
4 + -17 + 12 - (-1 - -8)
-8
What is -5 - 3 - (-8 - (4 - 11))?
-7
What is the value of (2 - -1) + (104 - 102)?
5
What is the value of 3 + 1 + -7 - (-1 + 2)?
-4
Evaluate 15 - 21 - (-3 + 1).
-4
What is -3 + (-1 - -4 - -4)?
4
Evaluate -1 + -2 + (11 + -13 - -5).
0
What is the value of 3 + 4 + (-3 - -1) + 1?
6
Calculate -5 + -12 + 6 - (11 + -19).
-3
Calculate 9 + 0 + 114 + -120.
3
What is 7 + (0 - 1) + 1 + -2?
5
-6 - (1 + -2 - 6)
1
Evaluate 2 + (1 - 4) + 5 + 1.
5
Calculate (-19 - -22) + 2 + 0.
5
What is 6 + -5 - (-6 - -13)?
-6
What is the value of -3 + (0 - 3 - -3)?
-3
What is -9 + 4 + 3 - -4?
2
Calculate -2 - (1 + -5) - (2 - 5).
5
Evaluate -10 - (-9 - (-11 - (1 + -7))).
-6
-3 + -8 + (-8 - -22)
3
Evaluate (-3 - (-3 + (-2 - -2))) + -4.
-4
What is 2 - (-2 + (9 - 1) + 1)?
-5
Evaluate 4 + (-1 - 7 - (-3 + 1)).
-2
Calculate 1 + 0 + 2 + -5.
-2
Evaluate 5 + -15 + 6 + 18 + -7.
7
7 + 6 + (-25 - -11)
-1
Evaluate -2 + 0 - (-1 - 1) - -3.
3
Calculate -11 + 8 - (2 - 10).
5
-3 + (0 - 1) + 9
5
What is -7 + 6 - (-5 + 5)?
-1
Evaluate (-8 + -1 - (14 - 18)) + 11.
6
Calculate 1 + 3 - (24 - 16).
-4
What is 4 + -2 - (-3 - -3)?
2
What is the value of 5 + (-3 - 2) + 4 + 1?
5
Evaluate 17 + -15 + (1 - 0).
3
What is the value of -1 + -10 - (-86 - -79)?
-4
Evaluate -10 + 20 + 8 - 10.
8
14 - (28 + (7 - 22))
1
What is the value of -5 - -2 - 6 - (4 + -6)?
-7
Evaluate 9 + (-8 - 3) + 2.
0
Evaluate ((-1 - 1) + 0 - -1) + -5.
-6
Evaluate (3 + -4 - 5) + 1 + 1.
-4
What is the value of -7 - (-4 - (5 - 5))?
-3
What is the value of -8 + (14 + -2 - 7) + 7?
4
Evaluate 2 - (-2 + -5) - (126 + -122).
5
What is the value of -3 + 1 + -4 + 3?
-3
4 - (-2 - (-2 + (-2 - 6)))
-4
2 + (-9 - 1) - (-3 + 0)
-5
Calculate (2 + 0 - 0) + -4.
-2
Evaluate -1 - (3 + -6 + (5 - -1)).
-4
Calculate -2 + (12 - 3) + -6.
1
Calculate -7 + (7 - (10 - 10)).
0
Evaluate 0 + (2 - 1) - 3.
-2
Evaluate 7 - 0 - (-3 - -10).
0
What is (5 - (6 - -6)) + 1 + 2?
-4
14 - (14 + 4 + -4)
0
What is (9 - 15) + 0 + 1?
-5
What is the value of 1 - -1 - (-11 + 4 + 14)?
-5
Calculate (13 - 3) + -8 + -8.
-6
Calculate 0 + -4 - (33 - 37).
0
(-4 - -13) + 0 + -8
1
What is -2 - (7 - 3 - 0)?
-6
What is the value of 8 - (-10 + 19 + -8)?
7
Evaluate 2 + (4 - (3 - -3)).
0
What is 3 + (2 - -1) + 15 + -16?
5
What is the value of 6 - (-3 - ((1 - -5) + -8))?
7
(0 - 4) + 1 + (49 - 36)
10
Calculate -1 + -1 + -3 + 11 + -3.
3
What is -21 + 22 - (4 - (0 - -1))?
-2
Calculate -1 + 12 - (8 + 0).
3
Calculate 12 + -3 + -11 + 5.
3
Calculate 2 + (0 - 1) + 4.
5
What is the value of 15 - (-9 + 11 + 7)?
6
What is the value of -5 - (2 - -5 - (-20 - -36))?
4
4 + 2 + 0 - 1
5
What is -14 + 2 + 10 + -2?
-4
(-1 - -4 - (-1 - -4)) + 2
2
Evaluate 5 - (-5 + (2